ose 4*b = 3*x + 1478, 5*b = -5*x + 191 + 1639. Let k = 980 - b. List the prime factors of k.
2, 3, 17
Suppose -4*k - 4*q = 266 - 54, k + 2*q = -54. Let c be -33*(14/(-78) - (-8)/k). Suppose -c*t + 35 = -493. List the prime factors of t.
2, 3
Let o be -3*(2 + 0 - 98/42). What are the prime factors of o - -5 - (-13110)/19?
2, 3, 29
Suppose -a = 5*p - 2645, 34 = 4*a + 54. Let x = p + -262. What are the prime factors of x?
2, 67
Let v = 160 + -156. What are the prime factors of (v + -170)/(-6 + 4)?
83
Let f(g) = -6 + 10 + 6 + 5*g**2 + 137*g - 132*g. What are the prime factors of f(-11)?
2, 5, 7
Let c(a) = 4*a + 10. Suppose 0 = -x - 2 - 4. Let i be c(x). What are the prime factors of 152/14 + (-2)/i?
11
Let y be (-10)/6 - (-220)/132. Suppose -3*k + 10 = -k. Suppose -k*t - 4*j + 830 = y, 251 = t - 3*j + 66. What are the prime factors of t?
2, 5, 17
Let i be 4/(-10)*735/(-3). Let o be ((-32)/(-24))/((-6)/(-207)). Let y = i - o. What are the prime factors of y?
2, 13
Suppose 2*q - 7 = -3*p, 2*q - 1 = 3. Let l be p/((-3)/15*(-2 + 1)). Suppose a + 0*a - l = 0. List the prime factors of a.
5
Let p(c) = 77*c**3 + 7*c**2 - 52*c + 6. What are the prime factors of p(6)?
2, 3, 307
Suppose 5*s + 10 = -5*g, 4*g - 8*s = -11*s - 4. Suppose -5*p - z = -2863, p + g*p - 2*z = 1723. What are the prime factors of p?
3, 191
Let u(f) = f - 1. Let g(t) = 136*t - 47. Let n(q) = g(q) - 4*u(q). List the prime factors of n(4).
5, 97
Let v = 23996 + -10521. What are the prime factors of v?
5, 7, 11
Let l = 183119 - 127820. What are the prime factors of l?
3, 18433
Let o be 1/4 - (-844074)/(-232). List the prime factors of (1 - o)*(-3)/(-9).
1213
Let o = 7475 - 5174. What are the prime factors of o?
3, 13, 59
Suppose -3*y = -f + 13014, 4*f - 39294 - 12738 = 4*y. What are the prime factors of f?
3, 5, 17
List the prime factors of 6/16 - (-3 + 17725/(-8)).
7, 317
Let k(j) = -4*j + 142. Let w be k(32). List the prime factors of (-88)/10*((-1085)/w - 5).
2, 3, 11
Let w = 735 + 5871. Suppose 0 = 8*r - w + 1094. What are the prime factors of r?
13, 53
Suppose -1267 = -18*z + 1181. Suppose 524 = a + 2*t + z, -t = a - 386. List the prime factors of a.
2, 3
What are the prime factors of 3*3/36 - (-8 - (-1208619)/(-36))?
33581
Suppose 46*o = 17*o - 13746. Let m = -334 - o. List the prime factors of m.
2, 5, 7
Suppose 0 = 4*a + g - 14, -g = 5*a - 25 + 7. Let z = a - -45. Let k = z - 20. What are the prime factors of k?
29
Suppose -3*c - 18*r + 16*r + 55565 = 0, c + 4*r = 18515. List the prime factors of c.
18523
Suppose -2*o = 2*z + 6, 4*o + 11 = -11*z + 6*z. Let r(p) = 498*p - 6. What are the prime factors of r(z)?
2, 3, 41
What are the prime factors of ((-9)/30*8)/(456/(-3970240))?
2, 653
Let j be 6/(((-45)/10)/3). Let n be (-6 - 52)*-1*1. What are the prime factors of n + j + 2 + 1?
3, 19
Let z = -54 + 49. Let j(b) = 10*b**2 - 4*b - 20. List the prime factors of j(z).
2, 5
Suppose 0 = 6*v - 30553 - 20699. List the prime factors of v/14 + (-32)/224.
2, 5, 61
Let c(a) = 284*a**2 - 2*a + 2. Let p be c(1). Let x = 76 + p. List the prime factors of x.
2, 3, 5
Suppose 3*m = -m + 8, -4*k = -3*m - 6478. Suppose k = 5*u - q, -7*q = -5*q + 2. What are the prime factors of u?
2, 3
Suppose -3*y + 0*y - 31 = -k, 5*k - 155 = 4*y. Let j(i) = 2*i**3 - 7*i**2 + 7*i - 13. Let f be j(6). Let n = f - k. List the prime factors of n.
2, 89
Let l = 23 + -5. Let n(b) = 10*b + 15. Let p be n(5). Let q = l + p. What are the prime factors of q?
83
Suppose 2*g - 21 = 3*y, 11*g = 16*g - 15. Let z be 0/((-5)/y + -2). Suppose z*c + 3*c - 522 = 0. What are the prime factors of c?
2, 3, 29
Suppose 5*r + 0 = 5*t - 20, -1 = -r. Suppose 3*z - 2*z - 3*m = 14, t*z - 28 = m. Suppose 484 = 5*s + 4*w - 102, 4*s - 467 = -z*w. List the prime factors of s.
2, 59
Let s = 73 + -98. List the prime factors of (-8440)/s + 27/(-45).
337
Let q = -4847 - -8233. List the prime factors of q.
2, 1693
Let b = -890 + 3812. What are the prime factors of b?
2, 3, 487
Let f be ((2 - 0) + -1)/(16/(-272)). Let x = 744 - f. What are the prime factors of x?
761
Let q(t) = 11*t**2 - 81*t + 3743. List the prime factors of q(30).
11213
What are the prime factors of 7 + 5 + -12 + 7 + 22788?
5, 47, 97
Let s be -3*6/27 - (-50)/3. Suppose 0 = -14*l + s*l - 784. Let n = l - 147. List the prime factors of n.
5, 7
Let b(f) = 5*f**2 - 23*f + 37. Let p be b(15). Suppose -2*u = -2*n - 0*u - 802, 2*n + p = 5*u. List the prime factors of n/(-8) - (-1)/2.
2, 5
Suppose 4*a = -3*q + 31492 + 38173, -2*a + 4*q + 34816 = 0. List the prime factors of a.
2, 8707
Suppose 0 = -4*w + 3*j + 278, 5*j - 132 = -3*w + 62. Suppose -w = -4*m - 20. Suppose -f + 97 = m. What are the prime factors of f?
5, 17
Let a(f) = f**3 + 8*f**2 - 6*f + 3. Let y be a(-10). Let m = 503 - 305. Let h = y + m. What are the prime factors of h?
61
Suppose 0 = -29*r + 30*r - 2. Suppose 10 = 2*q, -1656 + 521 = -y - r*q. What are the prime factors of y?
3, 5
Let p(j) = 1453*j - 39. Let l be p(3). Suppose -15*k + l = k. List the prime factors of k.
2, 3, 5
Suppose 4*m - 78 = -66. Suppose -5*l + 888 = -m*l - 2*p, 2*p = 4*l - 1766. What are the prime factors of l?
439
Let x be ((-90)/12)/(-15)*388. Suppose -y + 211 = -2*t, -2*y = -t - 4*y - 108. Let i = x + t. What are the prime factors of i?
2, 11
Let p = -2460 + 4982. List the prime factors of p.
2, 13, 97
Suppose -32802*c - 266396 = -32828*c. List the prime factors of c.
2, 47, 109
Suppose 12*c - 8 = 10*c, -4*i - 2*c = 0. What are the prime factors of -2 + 3 + i - -3?
2
Let l(q) = -8*q + q**2 - 12 + 0*q - 21. Let a be l(15). Suppose -n + 5*d = -a, -3*n - n + 5*d + 333 = 0. What are the prime factors of n?
3, 29
Suppose -4*o + 2976 + 2985 = -5*t, -4472 = -3*o + 5*t. What are the prime factors of o?
1489
Suppose -c + 5*j + 81 = -0*c, 4*c + j = 282. Let y be 6/((-4)/148*-3). Suppose c*p + 189 = y*p. List the prime factors of p.
3, 7
Let u = 445 - 248. Let c = u + -107. Suppose -2*s - 54 = -r, -4*r + s - c = -299. What are the prime factors of r?
2, 13
Suppose -117 + 19 = s. Let w = -161 + 133. Let c = w - s. What are the prime factors of c?
2, 5, 7
Let k be (2 - 0)/(80/87600). Let w = -890 + k. What are the prime factors of w?
2, 5, 13
Suppose 3*j = 2*w - 1, -w - 3*j + 5 = -0. List the prime factors of 1 + 42/(-6) - (w + -732).
2, 181
Suppose -4*j = 5*v - 348, 67 - 241 = -2*j + v. Let g = 89 - j. What are the prime factors of g + -5 + 2 - (-24 - 0)?
23
Let y be (-1)/(-6) + 5/6 + 4. Let v be 15/y + 0/(0 + -2). Suppose v*r = d - 99, -5*r = -r. List the prime factors of d.
3, 11
Let x = -77 + 94. Let a = -23 + x. What are the prime factors of (-7 + -287)*4/a?
2, 7
Let z(a) be the third derivative of -a**5/60 - 25*a**4/24 + 29*a**3/6 + 14*a**2. Let x be z(-26). What are the prime factors of (x - 3)/(-6) - (-202)/1?
2, 101
Let h(n) be the second derivative of -n**5/20 + 11*n**4/6 - 10*n**3 + 9*n**2 + 56*n. What are the prime factors of h(18)?
2, 3, 13
Let u be (-4)/6 - 154/21. What are the prime factors of (2185/76)/((-10)/u)?
23
Let i be 2*4*15/40. Suppose 5*z = 4*o + 986 + 1777, -2761 = -5*z + i*o. List the prime factors of z.
19, 29
Let j = 506 + -191. Suppose 0 = -4*q + 353 + j. Suppose -5*r - 5*w = -615, r + 50 = 2*w + q. What are the prime factors of r?
11
Let r be ((-704)/(-20))/11*1745/(-2). List the prime factors of r/(-8) + (-4)/(-8)*-2.
2, 3, 29
Suppose -5 - 297 = 2*z. Let s = z + 888. List the prime factors of s.
11, 67
Let z(c) = -c**3 + 9*c**2 + 5*c + 214. Let m be z(11). Suppose -4*o + 5*p = -3*o - 14, 0 = 2*o + 4*p - 98. Suppose o = n - m. List the prime factors of n.
2, 3, 11
Let d = -8754 + 81298. What are the prime factors of d?
2, 2267
Let c = -3357 + 33602. List the prime factors of c.
5, 23, 263
Suppose 3*z = 3*f - 17394, -8 = -3*z - 23. List the prime factors of f.
3, 1931
Let s = -69 - -89. Suppose 0 = -4*v + 2*l + 22, -5*v + 2*l = l - s. Suppose 42 = x - 2*j - 64, 0 = 4*x + v*j - 402. What are the prime factors of x?
2, 3, 17
Let q be (3/(-5))/((-3)/(-30)). What are the prime factors of -1690*2/q - (-4)/6?
2, 3, 47
Let h = -8699 - -15566. List the prime factors of h.
3, 7, 109
Let z = 48 - 43. Suppose 0 = 2*t + z*s - 285, -25*t + 27*t = 4*s + 240. What are the prime factors of t?
2, 5, 13
Let o(v) = -292*v - 677. What are the prime